{"id":590,"date":"2022-04-19T04:23:36","date_gmt":"2022-04-19T04:23:36","guid":{"rendered":"https:\/\/evolucioncolacademia.com\/?page_id=590"},"modified":"2024-09-05T04:08:35","modified_gmt":"2024-09-05T04:08:35","slug":"cursos","status":"publish","type":"page","link":"https:\/\/evolucioncolacademia.com\/index.php\/cursos\/","title":{"rendered":"PNL Contenidos"},"content":{"rendered":"<div class=\"swpm-post-not-logged-in-msg\">Debes acceder para ver \u00e9ste contenido. Por favor <a class=\"swpm-login-link\" href=\"https:\/\/evolucioncolacademia.com\/index.php\/membership-login\/\">Acceder<\/a>. \u00bfA\u00fan no eres miembro? <a href=\"https:\/\/evolucioncolacademia.com\/index.php\/membership-join\/\">\u00danete a nosotros<\/a><\/div>","protected":false},"excerpt":{"rendered":"<p>Programa General PNLEl curso tiene como objetivo conocernos a nosotros mismos, mediante el funcionamiento del CEREBRO, el uso eficiente de nuestra ENERG\u00cdA y el dominio del INCONSCIENTE, y alcanzar los prop\u00f3sitos de la vida, con herramientas\u00a0 de la Programaci\u00f3n Neuroling\u00fc\u00edstica PNL y el Coaching Ontol\u00f3gico Minucioso contenido acerca de el organo mas importante del ser [&hellip;]<\/p>\n","protected":false},"author":1,"featured_media":0,"parent":0,"menu_order":0,"comment_status":"closed","ping_status":"closed","template":"","meta":{"_et_pb_use_builder":"on","_et_pb_old_content":"","_et_gb_content_width":"","_monsterinsights_skip_tracking":false,"_monsterinsights_sitenote_active":false,"_monsterinsights_sitenote_note":"","_monsterinsights_sitenote_category":0,"footnotes":""},"class_list":["post-590","page","type-page","status-publish","hentry"],"aioseo_notices":[],"_links":{"self":[{"href":"https:\/\/evolucioncolacademia.com\/index.php\/wp-json\/wp\/v2\/pages\/590","targetHints":{"allow":["GET"]}}],"collection":[{"href":"https:\/\/evolucioncolacademia.com\/index.php\/wp-json\/wp\/v2\/pages"}],"about":[{"href":"https:\/\/evolucioncolacademia.com\/index.php\/wp-json\/wp\/v2\/types\/page"}],"author":[{"embeddable":true,"href":"https:\/\/evolucioncolacademia.com\/index.php\/wp-json\/wp\/v2\/users\/1"}],"replies":[{"embeddable":true,"href":"https:\/\/evolucioncolacademia.com\/index.php\/wp-json\/wp\/v2\/comments?post=590"}],"version-history":[{"count":28,"href":"https:\/\/evolucioncolacademia.com\/index.php\/wp-json\/wp\/v2\/pages\/590\/revisions"}],"predecessor-version":[{"id":1208,"href":"https:\/\/evolucioncolacademia.com\/index.php\/wp-json\/wp\/v2\/pages\/590\/revisions\/1208"}],"wp:attachment":[{"href":"https:\/\/evolucioncolacademia.com\/index.php\/wp-json\/wp\/v2\/media?parent=590"}],"curies":[{"name":"wp","href":"https:\/\/api.w.org\/{rel}","templated":true}]}}